pose -s = -p + o, s + 6 = 4. What is the units digit of p?
8
What is the units digit of -1641*((-870)/(-45) - 22)?
6
Let o = -74 - -74. Suppose o = 3*g + 5*q - 1, 0*q - 4*q = 4*g - 12. Let j(s) = -s**3 + 6*s**2 + 10*s - 8. What is the tens digit of j(g)?
1
Let q be 160/(-30)*((-132)/4 + -3). Let k = q + 28. What is the tens digit of k?
2
Let o = 805 + 3341. What is the tens digit of o?
4
Suppose -4*q - 4*d + 23300 = 0, -2*q + 47*d - 52*d = -11665. What is the tens digit of q?
2
Let s(l) be the second derivative of -5*l**3/6 + 25*l**2/2 - 8*l + 10. Let v = -24 + 10. What is the units digit of s(v)?
5
Let f(q) = -9*q**2 - 2. Let l be f(-7). Let t = 251 + l. Let x = t + 328. What is the units digit of x?
6
Let r(n) = 12*n - 4. Let h(w) = 37*w - 13. Let q(j) = 4*h(j) - 14*r(j). Let y(c) = -c**3 - 4*c**2 - 2*c + 2. Let x be y(-2). What is the tens digit of q(x)?
4
Let b = 1331 + 12674. What is the thousands digit of b?
4
Suppose h + 27665 + 17082 = 4*n, -4 = -4*h. What is the tens digit of n?
8
Let g(p) = 142*p - 78 - 72*p - 120*p. What is the hundreds digit of g(-8)?
3
What is the tens digit of 16224 + 1 - (81/9 + -4)?
2
Suppose -2*j - 113 = -3*j - 2*w, -3*w = 3*j - 339. Suppose 0 = -5*k + 1547 + j. What is the hundreds digit of k?
3
Suppose -3*c + 64 = 5*n, -c - 5*n + n = -26. Suppose -4*y = c - 78. Suppose y = 2*q - 21. What is the units digit of q?
8
Let f(q) = -3*q - 40. Let k(h) = -h**2 + 3*h + 4. Let m be k(6). Let c be f(m). Suppose 36 = 4*a + v - 403, -c*v = -3*a + 332. What is the units digit of a?
0
Let h be (-3 - (-3)/2)/((-6)/20). Suppose 731 = h*g - 734. What is the tens digit of g?
9
Let n = 78 + 42. Suppose -3*q - w = -4414, -13*q - 3*w = -12*q - 1458. Suppose -n + q = 11*f. What is the units digit of f?
3
Let c = -52 + 57. Suppose -c*t - 3*b + 68 = -44, -5*t + 80 = -5*b. Suppose 3*s = -7*s + t. What is the units digit of s?
2
Let z = -33624 - -65480. What is the tens digit of z?
5
Let k(v) = v**3 - v**2 - 7*v + 6. Let p be (-5)/(-15) + 20/3 + -2. Suppose -p*j + 4 = -4*j. What is the tens digit of k(j)?
2
What is the hundreds digit of (-14 + -6487 - 5)/(-3 + 1)?
2
Suppose -34*l + 245*l - 3766350 = 0. What is the tens digit of l?
5
What is the units digit of ((-125)/(-375)*(-13221)/2)/(6/(-8))?
8
Suppose 6*b - 3*b - 12 = 3*a, -3*b - 3*a = -12. Suppose 5 = b*w + 13. What is the tens digit of 1/(w/618)*(-1)/3?
0
Let c = 17690 - 17437. Let h(n) = 71*n + 1. Let s be h(-1). Let u = s + c. What is the hundreds digit of u?
1
Suppose -7*d = -5*d - 120. Let a = -55 + d. Suppose h = -3*y + 136, -3*h + a*y = 2*h - 620. What is the hundreds digit of h?
1
Suppose q - i = -103, -269 = 3*q + 3*i + 2*i. Let l = -94 - q. Suppose 3*n - 270 = -u + 331, l = 4*u. What is the hundreds digit of n?
2
Suppose 13*t = 337650 + 362283. What is the thousands digit of t?
3
Suppose 785981 = 291*c - 368*c + 2857050. What is the ten thousands digit of c?
2
Let l = -19535 - -31730. What is the tens digit of l?
9
Let c(x) = x**2 + 135*x + 188. What is the hundreds digit of c(88)?
8
What is the thousands digit of 11 + (-65)/13 - (-17072 + -5)?
7
Let p(j) = -3 + j**3 + 10 + 8*j + 4*j**2 + 4*j**2. Let s be p(-7). Suppose -2*q + 4*n = 6, s*q + 3*n = -q + 7. What is the units digit of q?
1
Suppose 25 = 6*k - 17. Suppose k*o = 4*o + 24. Suppose o*x - 450 = -2*x. What is the units digit of x?
5
Suppose -a = -4 + 1. Let v(b) = 2*b**2 + 10*b - 10. Let i be v(1). Suppose 3*f + 2*m = 416, a*m + i*m = -f + 143. What is the units digit of f?
8
Suppose -1 + 15 = 7*l. What is the units digit of (-86)/((l/20)/((-1)/4))?
5
Let u be 0*(4 + 42/(-12)). Suppose 0 = -2*j - 2*a - u*a + 66, -j + 28 = -4*a. Suppose -v + 4 = 0, 452 = 5*g - 4*v - j. What is the units digit of g?
0
Suppose 10*y - 95 = 15*y. Let h = 92 + y. What is the tens digit of h?
7
What is the ten thousands digit of 36/(-66) + (-18117336)/(-737)?
2
Suppose 4*p - 3*v = 65438, 2*p + 9*v = 6*v + 32746. What is the hundreds digit of p?
3
What is the units digit of 8/(-10) + 563108/85?
4
Let d be 10/(-2) - 55820/(-10). Let r = d - 3645. Suppose -r = 3*a - 15*a. What is the hundreds digit of a?
1
Let j(x) = -74*x**3 + 5*x**2 - 12*x - 45. What is the thousands digit of j(-3)?
2
Let l(g) = 3993*g + 401. What is the thousands digit of l(1)?
4
Suppose -j + h - 4*h = -2748, 5*h = -3*j + 8228. What is the tens digit of j/(-96)*(0 + (-16)/6)?
7
Let q(r) = -r**3 - 48*r**2 - 721*r + 72. What is the ten thousands digit of q(-48)?
3
Suppose 4583 = -7*h + 18058. Let q = h + -55. What is the units digit of q?
0
Let i(t) = t - 7. Suppose 0 = -5*c + 50 - 5. Let p be i(c). Suppose -3*n = p*w - 0*n - 195, 2*w - 5*n - 155 = 0. What is the tens digit of w?
9
Suppose 42 = -2*v - 162. Suppose 4*h = h + 504. Let l = h + v. What is the tens digit of l?
6
What is the tens digit of (-2)/(-17) + 1 + -1 - (-174490470)/6171?
7
Suppose -8*r = -4*r - 508. Let b(z) = 2*z**3 - 42*z**2 - z - 13. Let x be b(21). Let h = r - x. What is the units digit of h?
1
Let y(n) = 203*n**2 + 8*n - 9. Let m be y(1). Let u = -24 + m. What is the hundreds digit of u?
1
Let z(n) = -3*n**2 - 22*n + 27. Let s be z(-8). Suppose 0 = -x - 3*u + 1, 5*x - 18 = 3*u + 5. Suppose -s*y + x = -7. What is the units digit of y?
1
Let r be (10 + -9)/(2/(-60)). What is the units digit of (6 - (-132)/(-8))*r?
5
Let z(c) = -4*c - 3. Let m be z(-2). Suppose 2*u - 371 = 3*x, 2*u - u - 166 = -m*x. What is the units digit of u?
1
Let u be (-5 + 2)*(-121)/3. Suppose -t = -u - 592. What is the tens digit of t?
1
Let z(q) = -6 - 24 - 28*q + 5. What is the tens digit of z(-25)?
7
Let l(y) = -5*y. Let a be l(1). Let v(x) = 26*x - 6. Let i be v(a). Let r = i + 232. What is the tens digit of r?
9
Let y be 5/(-1)*1*2/(-2). Suppose -y*h + 1786 = -q, -2*h - 77 = -4*q - 777. Suppose 462 = 5*i - h. What is the units digit of i?
4
Let j be (-12)/10*(3060/24)/(-17). Let a(u) = 102*u + 187. What is the hundreds digit of a(j)?
1
Let z be (-4 - (-3 + 2))*10/(-6). Suppose 128 = -z*t + 13*t. Suppose -4*b - 16 = 0, 0*q + 4*b = -q + t. What is the tens digit of q?
3
Let n = 70 - -212. Let q = -132 + n. What is the units digit of q?
0
Let k be (-366)/(-1) - 0 - (-1 - 0). Let f = 238 - k. What is the tens digit of f*3*(-2)/9?
8
Let v be (-3662*2/(-4))/(1 + 0). Suppose v = 9*g - 4676. Suppose -4*r = -4*d + 720, -4*d + r = -0*r - g. What is the tens digit of d?
8
Suppose 20*b + 19*b - 69955 = 159404. What is the thousands digit of b?
5
Let p(o) = -4*o - 1. Let n be p(-1). Let u(k) = -83*k + 184*k + 17 - 69*k. What is the units digit of u(n)?
3
Suppose -2*z - b = -30858, -2*z + 4*b + 42066 - 11218 = 0. What is the hundreds digit of z?
4
Let r(a) = 4*a**2 + 124*a + 410. What is the tens digit of r(-110)?
7
Let b be 264/(-9)*(-45)/20. Suppose 0*d + 4*d + 104 = 4*p, -3*p - 3*d = -b. Suppose 0*v - 2*h = -v + p, 0 = 3*v + 4*h - 52. What is the tens digit of v?
2
Suppose 3*h = n + 21587, -15*h + 11*h + 28780 = -4*n. What is the units digit of h?
6
Suppose 108*b = 636264 + 1014408. What is the hundreds digit of b?
2
Let f(z) = 6*z**2 + 174*z - 1184. What is the ten thousands digit of f(-104)?
4
Let t = 294 + -59. Suppose -t = -7*m + 171. Suppose -v + m + 30 = 0. What is the units digit of v?
8
Let w(a) = -8*a + 253. Let i be w(32). What is the hundreds digit of (((-5515)/i)/(-5))/(2/(-6))?
1
Suppose 14*c - 18743 = 60497. What is the tens digit of c?
6
Let h be 15/35 - (-3)/(-7). Let a = 5 - 0. Suppose h = -a*t + 4*t + 112. What is the units digit of t?
2
Let y(g) be the first derivative of 15/2*g**2 + 11 + 25*g. What is the tens digit of y(7)?
3
What is the units digit of 85*(-3 + 19 + 50)?
0
Let z(h) = 11*h + 15. Suppose -4*x + 8 = -0*g - 2*g, -x = -g - 1. Suppose 3*k = -4*f, -k = 3*f + 2 + x. What is the units digit of z(k)?
9
Let u be -162*1 - (-1 - 2). Let m = u - -422. What is the tens digit of m?
6
Suppose 44*l - 26 = 31*l. Suppose 15*h - x - 4550 = 12*h, 0 = 2*h - l*x - 3032. What is the hundreds digit of h?
5
Let x = 2391 + -1616. Let s = x + -79. Suppose -968 = -8*g + s. What is the units digit of g?
8
Suppose -37*x + 14 = -35*x. Suppose 2*d - 734 = -4*v, -x*v = d - 4*v - 365. What is the tens digit of d?
7
Let z = -73 + 243. Suppose w = z + 395. What is the tens digit of w?
6
Let s = -59 - -64. Suppose 0*h = s*h - 15,